{"id":5158,"date":"2020-12-06T19:21:45","date_gmt":"2020-12-07T00:21:45","guid":{"rendered":"https:\/\/cannexus.ceric.ca\/?page_id=5158"},"modified":"2021-02-02T17:41:19","modified_gmt":"2021-02-02T22:41:19","slug":"lavenir-est-prometteur-conservation-protection-et-prosperite-partagee-assurees-par-les-autochtones","status":"publish","type":"page","link":"https:\/\/cannexus.ceric.ca\/fr\/lavenir-est-prometteur-conservation-protection-et-prosperite-partagee-assurees-par-les-autochtones\/","title":{"rendered":"L\u2019avenir est prometteur : conservation, protection et prosp\u00e9rit\u00e9 partag\u00e9e assur\u00e9es par les Autochtones"},"content":{"rendered":"\t\t<div data-elementor-type=\"wp-page\" data-elementor-id=\"5158\" class=\"elementor elementor-5158 elementor-4955\" data-elementor-post-type=\"page\">\n\t\t\t\t\t\t<section class=\"elementor-section elementor-top-section elementor-element elementor-element-60f224f elementor-section-boxed elementor-section-height-default elementor-section-height-default\" data-id=\"60f224f\" data-element_type=\"section\" data-e-type=\"section\">\n\t\t\t\t\t\t<div class=\"elementor-container elementor-column-gap-default\">\n\t\t\t\t\t<div class=\"elementor-column elementor-col-100 elementor-top-column elementor-element elementor-element-493a3b8\" data-id=\"493a3b8\" data-element_type=\"column\" data-e-type=\"column\">\n\t\t\t<div class=\"elementor-widget-wrap elementor-element-populated\">\n\t\t\t\t\t\t<div class=\"elementor-element elementor-element-0b330c4 elementor-invisible elementor-widget elementor-widget-exhibz-title\" data-id=\"0b330c4\" data-element_type=\"widget\" data-e-type=\"widget\" data-settings=\"{&quot;_animation&quot;:&quot;fadeInUp&quot;,&quot;_animation_delay&quot;:350,&quot;ekit_we_effect_on&quot;:&quot;none&quot;}\" data-widget_type=\"exhibz-title.default\">\n\t\t\t\t<div class=\"elementor-widget-container\">\n\t\t\t\t\t\n    <div class=\"title-section-area\">\n        <h2 class=\"section-title\">\n            <span class=\"sub-title\">L\u2019avenir est prometteur : conservation, protection et prosp\u00e9rit\u00e9 partag\u00e9e assur\u00e9es par les Autochtones<\/span>\n\t\t\tConf\u00e9renci\u00e8re d'honneur : L\u2019honorable Ethel Blondin-Andrew<br>\nMercredi 3 f\u00e9vrier 2021, 14 h 15 - 15 h HE \u200b        <\/h2>\n\t\t\t\t\t<div class=\"title-desc\"><div class=\"sched-scrollable-details\"><div class=\"tip-description\"><p>Les peuples autochtones du Canada sont depuis longtemps les protecteurs de nos terres et de nos eaux. Cette \u00e9thique de protection est le fondement de notre relation avec la terre.\u00a0Nous sommes \u00e9galement dans un processus de r\u00e9appropriation de nos r\u00f4les et responsabilit\u00e9s en tant que nations \u00e0 part enti\u00e8re, et nous sommes pr\u00eats \u00e0 travailler de concert avec le Canada comme de v\u00e9ritables partenaires ayant une importance significative, afin d\u2019assurer notre prosp\u00e9rit\u00e9 partag\u00e9e et un avenir durable. Ancr\u00e9e dans la tradition du conte, cette allocution explorera le th\u00e8me de la responsabilit\u00e9 dans l\u2019approche autochtone de la protection des terres et des eaux.<\/p><\/div><\/div><\/div>\n\t\t                    <\/div><!-- Section title -->\n    \n    \n\n    \t\t\t\t<\/div>\n\t\t\t\t<\/div>\n\t\t\t\t\t<\/div>\n\t\t<\/div>\n\t\t\t\t\t<\/div>\n\t\t<\/section>\n\t\t\t\t<\/div>\n\t\t","protected":false},"excerpt":{"rendered":"<p>L\u2019avenir est prometteur : conservation, protection et prosp\u00e9rit\u00e9 partag\u00e9e assur\u00e9es par les Autochtones Conf\u00e9renci\u00e8re d&#8217;honneur : L\u2019honorable Ethel Blondin-Andrew Mercredi 3 f\u00e9vrier 2021, 14 h 15 &#8211; 15 h HE \u200b Les peuples autochtones du Canada sont depuis longtemps les protecteurs de nos terres et de nos eaux. Cette \u00e9thique de protection est le fondement [&hellip;]<\/p>\n","protected":false},"author":9,"featured_media":0,"parent":0,"menu_order":0,"comment_status":"closed","ping_status":"closed","template":"template\/full-width-template.php","meta":{"wp_social_preview_title":"","wp_social_preview_description":"","wp_social_preview_image":0,"footnotes":""},"class_list":["post-5158","page","type-page","status-publish","hentry"],"yoast_head":"<!-- This site is optimized with the Yoast SEO Premium plugin v26.0 (Yoast SEO v26.0) - https:\/\/yoast.com\/wordpress\/plugins\/seo\/ -->\n<title>L\u2019avenir est prometteur : conservation, protection et prosp\u00e9rit\u00e9 partag\u00e9e assur\u00e9es par les Autochtones - Cannexus27<\/title>\n<meta name=\"robots\" content=\"index, follow, max-snippet:-1, max-image-preview:large, max-video-preview:-1\" \/>\n<link rel=\"canonical\" href=\"https:\/\/cannexus.ceric.ca\/fr\/lavenir-est-prometteur-conservation-protection-et-prosperite-partagee-assurees-par-les-autochtones\/\" \/>\n<meta property=\"og:locale\" content=\"fr_FR\" \/>\n<meta property=\"og:type\" content=\"article\" \/>\n<meta property=\"og:title\" content=\"L\u2019avenir est prometteur : conservation, protection et prosp\u00e9rit\u00e9 partag\u00e9e assur\u00e9es par les Autochtones\" \/>\n<meta property=\"og:description\" content=\"L\u2019avenir est prometteur : conservation, protection et prosp\u00e9rit\u00e9 partag\u00e9e assur\u00e9es par les Autochtones Conf\u00e9renci\u00e8re d&#8217;honneur : L\u2019honorable Ethel Blondin-Andrew Mercredi 3 f\u00e9vrier 2021, 14 h 15 &#8211; 15 h HE \u200b Les peuples autochtones du Canada sont depuis longtemps les protecteurs de nos terres et de nos eaux. Cette \u00e9thique de protection est le fondement [&hellip;]\" \/>\n<meta property=\"og:url\" content=\"https:\/\/cannexus.ceric.ca\/fr\/lavenir-est-prometteur-conservation-protection-et-prosperite-partagee-assurees-par-les-autochtones\/\" \/>\n<meta property=\"og:site_name\" content=\"Cannexus27\" \/>\n<meta property=\"article:modified_time\" content=\"2021-02-02T22:41:19+00:00\" \/>\n<meta property=\"og:image\" content=\"https:\/\/cannexus.ceric.ca\/wp-content\/uploads\/2024\/04\/CX25-v1-5.png\" \/>\n\t<meta property=\"og:image:width\" content=\"1200\" \/>\n\t<meta property=\"og:image:height\" content=\"300\" \/>\n\t<meta property=\"og:image:type\" content=\"image\/png\" \/>\n<meta name=\"twitter:card\" content=\"summary_large_image\" \/>\n<meta name=\"twitter:label1\" content=\"Dur\u00e9e de lecture estim\u00e9e\" \/>\n\t<meta name=\"twitter:data1\" content=\"1 minute\" \/>\n<script type=\"application\/ld+json\" class=\"yoast-schema-graph\">{\"@context\":\"https:\/\/schema.org\",\"@graph\":[{\"@type\":\"WebPage\",\"@id\":\"https:\/\/cannexus.ceric.ca\/fr\/lavenir-est-prometteur-conservation-protection-et-prosperite-partagee-assurees-par-les-autochtones\/\",\"url\":\"https:\/\/cannexus.ceric.ca\/fr\/lavenir-est-prometteur-conservation-protection-et-prosperite-partagee-assurees-par-les-autochtones\/\",\"name\":\"L\u2019avenir est prometteur : conservation, protection et prosp\u00e9rit\u00e9 partag\u00e9e assur\u00e9es par les Autochtones - Cannexus27\",\"isPartOf\":{\"@id\":\"https:\/\/cannexus.ceric.ca\/fr\/#website\"},\"datePublished\":\"2020-12-07T00:21:45+00:00\",\"dateModified\":\"2021-02-02T22:41:19+00:00\",\"breadcrumb\":{\"@id\":\"https:\/\/cannexus.ceric.ca\/fr\/lavenir-est-prometteur-conservation-protection-et-prosperite-partagee-assurees-par-les-autochtones\/#breadcrumb\"},\"inLanguage\":\"fr-FR\",\"potentialAction\":[{\"@type\":\"ReadAction\",\"target\":[\"https:\/\/cannexus.ceric.ca\/fr\/lavenir-est-prometteur-conservation-protection-et-prosperite-partagee-assurees-par-les-autochtones\/\"]}]},{\"@type\":\"BreadcrumbList\",\"@id\":\"https:\/\/cannexus.ceric.ca\/fr\/lavenir-est-prometteur-conservation-protection-et-prosperite-partagee-assurees-par-les-autochtones\/#breadcrumb\",\"itemListElement\":[{\"@type\":\"ListItem\",\"position\":1,\"name\":\"Home\",\"item\":\"https:\/\/cannexus.ceric.ca\/fr\/\"},{\"@type\":\"ListItem\",\"position\":2,\"name\":\"L\u2019avenir est prometteur : conservation, protection et prosp\u00e9rit\u00e9 partag\u00e9e assur\u00e9es par les Autochtones\"}]},{\"@type\":\"WebSite\",\"@id\":\"https:\/\/cannexus.ceric.ca\/fr\/#website\",\"url\":\"https:\/\/cannexus.ceric.ca\/fr\/\",\"name\":\"Cannexus26: Canada\u2019s Career Development Conference\",\"description\":\"Canada\u2019s Career Development Conference\",\"publisher\":{\"@id\":\"https:\/\/cannexus.ceric.ca\/fr\/#organization\"},\"alternateName\":\"Cannexus26\",\"potentialAction\":[{\"@type\":\"SearchAction\",\"target\":{\"@type\":\"EntryPoint\",\"urlTemplate\":\"https:\/\/cannexus.ceric.ca\/fr\/?s={search_term_string}\"},\"query-input\":{\"@type\":\"PropertyValueSpecification\",\"valueRequired\":true,\"valueName\":\"search_term_string\"}}],\"inLanguage\":\"fr-FR\"},{\"@type\":\"Organization\",\"@id\":\"https:\/\/cannexus.ceric.ca\/fr\/#organization\",\"name\":\"Cannexus26\",\"url\":\"https:\/\/cannexus.ceric.ca\/fr\/\",\"logo\":{\"@type\":\"ImageObject\",\"inLanguage\":\"fr-FR\",\"@id\":\"https:\/\/cannexus.ceric.ca\/fr\/#\/schema\/logo\/image\/\",\"url\":\"https:\/\/cannexus.ceric.ca\/wp-content\/uploads\/2025\/04\/CX-seal.png\",\"contentUrl\":\"https:\/\/cannexus.ceric.ca\/wp-content\/uploads\/2025\/04\/CX-seal.png\",\"width\":2000,\"height\":1574,\"caption\":\"Cannexus26\"},\"image\":{\"@id\":\"https:\/\/cannexus.ceric.ca\/fr\/#\/schema\/logo\/image\/\"}}]}<\/script>\n<!-- \/ Yoast SEO Premium plugin. -->","yoast_head_json":{"title":"L\u2019avenir est prometteur : conservation, protection et prosp\u00e9rit\u00e9 partag\u00e9e assur\u00e9es par les Autochtones - Cannexus27","robots":{"index":"index","follow":"follow","max-snippet":"max-snippet:-1","max-image-preview":"max-image-preview:large","max-video-preview":"max-video-preview:-1"},"canonical":"https:\/\/cannexus.ceric.ca\/fr\/lavenir-est-prometteur-conservation-protection-et-prosperite-partagee-assurees-par-les-autochtones\/","og_locale":"fr_FR","og_type":"article","og_title":"L\u2019avenir est prometteur : conservation, protection et prosp\u00e9rit\u00e9 partag\u00e9e assur\u00e9es par les Autochtones","og_description":"L\u2019avenir est prometteur : conservation, protection et prosp\u00e9rit\u00e9 partag\u00e9e assur\u00e9es par les Autochtones Conf\u00e9renci\u00e8re d&#8217;honneur : L\u2019honorable Ethel Blondin-Andrew Mercredi 3 f\u00e9vrier 2021, 14 h 15 &#8211; 15 h HE \u200b Les peuples autochtones du Canada sont depuis longtemps les protecteurs de nos terres et de nos eaux. Cette \u00e9thique de protection est le fondement [&hellip;]","og_url":"https:\/\/cannexus.ceric.ca\/fr\/lavenir-est-prometteur-conservation-protection-et-prosperite-partagee-assurees-par-les-autochtones\/","og_site_name":"Cannexus27","article_modified_time":"2021-02-02T22:41:19+00:00","og_image":[{"width":1200,"height":300,"url":"https:\/\/cannexus.ceric.ca\/wp-content\/uploads\/2024\/04\/CX25-v1-5.png","type":"image\/png"}],"twitter_card":"summary_large_image","twitter_misc":{"Dur\u00e9e de lecture estim\u00e9e":"1 minute"},"schema":{"@context":"https:\/\/schema.org","@graph":[{"@type":"WebPage","@id":"https:\/\/cannexus.ceric.ca\/fr\/lavenir-est-prometteur-conservation-protection-et-prosperite-partagee-assurees-par-les-autochtones\/","url":"https:\/\/cannexus.ceric.ca\/fr\/lavenir-est-prometteur-conservation-protection-et-prosperite-partagee-assurees-par-les-autochtones\/","name":"L\u2019avenir est prometteur : conservation, protection et prosp\u00e9rit\u00e9 partag\u00e9e assur\u00e9es par les Autochtones - Cannexus27","isPartOf":{"@id":"https:\/\/cannexus.ceric.ca\/fr\/#website"},"datePublished":"2020-12-07T00:21:45+00:00","dateModified":"2021-02-02T22:41:19+00:00","breadcrumb":{"@id":"https:\/\/cannexus.ceric.ca\/fr\/lavenir-est-prometteur-conservation-protection-et-prosperite-partagee-assurees-par-les-autochtones\/#breadcrumb"},"inLanguage":"fr-FR","potentialAction":[{"@type":"ReadAction","target":["https:\/\/cannexus.ceric.ca\/fr\/lavenir-est-prometteur-conservation-protection-et-prosperite-partagee-assurees-par-les-autochtones\/"]}]},{"@type":"BreadcrumbList","@id":"https:\/\/cannexus.ceric.ca\/fr\/lavenir-est-prometteur-conservation-protection-et-prosperite-partagee-assurees-par-les-autochtones\/#breadcrumb","itemListElement":[{"@type":"ListItem","position":1,"name":"Home","item":"https:\/\/cannexus.ceric.ca\/fr\/"},{"@type":"ListItem","position":2,"name":"L\u2019avenir est prometteur : conservation, protection et prosp\u00e9rit\u00e9 partag\u00e9e assur\u00e9es par les Autochtones"}]},{"@type":"WebSite","@id":"https:\/\/cannexus.ceric.ca\/fr\/#website","url":"https:\/\/cannexus.ceric.ca\/fr\/","name":"Cannexus26: Canada\u2019s Career Development Conference","description":"Canada\u2019s Career Development Conference","publisher":{"@id":"https:\/\/cannexus.ceric.ca\/fr\/#organization"},"alternateName":"Cannexus26","potentialAction":[{"@type":"SearchAction","target":{"@type":"EntryPoint","urlTemplate":"https:\/\/cannexus.ceric.ca\/fr\/?s={search_term_string}"},"query-input":{"@type":"PropertyValueSpecification","valueRequired":true,"valueName":"search_term_string"}}],"inLanguage":"fr-FR"},{"@type":"Organization","@id":"https:\/\/cannexus.ceric.ca\/fr\/#organization","name":"Cannexus26","url":"https:\/\/cannexus.ceric.ca\/fr\/","logo":{"@type":"ImageObject","inLanguage":"fr-FR","@id":"https:\/\/cannexus.ceric.ca\/fr\/#\/schema\/logo\/image\/","url":"https:\/\/cannexus.ceric.ca\/wp-content\/uploads\/2025\/04\/CX-seal.png","contentUrl":"https:\/\/cannexus.ceric.ca\/wp-content\/uploads\/2025\/04\/CX-seal.png","width":2000,"height":1574,"caption":"Cannexus26"},"image":{"@id":"https:\/\/cannexus.ceric.ca\/fr\/#\/schema\/logo\/image\/"}}]}},"_links":{"self":[{"href":"https:\/\/cannexus.ceric.ca\/fr\/wp-json\/wp\/v2\/pages\/5158","targetHints":{"allow":["GET"]}}],"collection":[{"href":"https:\/\/cannexus.ceric.ca\/fr\/wp-json\/wp\/v2\/pages"}],"about":[{"href":"https:\/\/cannexus.ceric.ca\/fr\/wp-json\/wp\/v2\/types\/page"}],"author":[{"embeddable":true,"href":"https:\/\/cannexus.ceric.ca\/fr\/wp-json\/wp\/v2\/users\/9"}],"replies":[{"embeddable":true,"href":"https:\/\/cannexus.ceric.ca\/fr\/wp-json\/wp\/v2\/comments?post=5158"}],"version-history":[{"count":0,"href":"https:\/\/cannexus.ceric.ca\/fr\/wp-json\/wp\/v2\/pages\/5158\/revisions"}],"wp:attachment":[{"href":"https:\/\/cannexus.ceric.ca\/fr\/wp-json\/wp\/v2\/media?parent=5158"}],"curies":[{"name":"wp","href":"https:\/\/api.w.org\/{rel}","templated":true}]}}

L’avenir est prometteur : conservation, protection et prospérité partagée assurées par les Autochtones

<div data-elementor-type="wp-page" data-elementor-id="5158" class="elementor elementor-5158 elementor-4955" data-elementor-post-type="page">
						<section class="elementor-section elementor-top-section elementor-element elementor-element-60f224f elementor-section-boxed elementor-section-height-default elementor-section-height-default" data-id="60f224f" data-element_type="section" data-e-type="section">
						<div class="elementor-container elementor-column-gap-default">
					<div class="elementor-column elementor-col-100 elementor-top-column elementor-element elementor-element-493a3b8" data-id="493a3b8" data-element_type="column" data-e-type="column">
			<div class="elementor-widget-wrap elementor-element-populated">
						<div class="elementor-element elementor-element-0b330c4 elementor-invisible elementor-widget elementor-widget-exhibz-title" data-id="0b330c4" data-element_type="widget" data-e-type="widget" data-settings="{&quot;_animation&quot;:&quot;fadeInUp&quot;,&quot;_animation_delay&quot;:350,&quot;ekit_we_effect_on&quot;:&quot;none&quot;}" data-widget_type="exhibz-title.default">
				<div class="elementor-widget-container">
					
    <div class="title-section-area">
        <h2 class="section-title">
            <span class="sub-title">L’avenir est prometteur : conservation, protection et prospérité partagée assurées par les Autochtones</span>
			Conférencière d'honneur : L’honorable Ethel Blondin-Andrew<br>
Mercredi 3 février 2021, 14 h 15 - 15 h HE ​        </h2>
					<div class="title-desc"><div class="sched-scrollable-details"><div class="tip-description"><p>Les peuples autochtones du Canada sont depuis longtemps les protecteurs de nos terres et de nos eaux. Cette éthique de protection est le fondement de notre relation avec la terre. Nous sommes également dans un processus de réappropriation de nos rôles et responsabilités en tant que nations à part entière, et nous sommes prêts à travailler de concert avec le Canada comme de véritables partenaires ayant une importance significative, afin d’assurer notre prospérité partagée et un avenir durable. Ancrée dans la tradition du conte, cette allocution explorera le thème de la responsabilité dans l’approche autochtone de la protection des terres et des eaux.</p></div></div></div>
		                    </div><!-- Section title -->
    
    

    				</div>
				</div>
					</div>
		</div>
					</div>
		</section>
				</div>

<p>L’avenir est prometteur : conservation, protection et prospérité partagée assurées par les Autochtones Conférencière d&#8217;honneur : L’honorable Ethel Blondin-Andrew Mercredi 3 février 2021, 14 h 15 &#8211; 15 h HE ​ Les peuples autochtones du Canada sont depuis longtemps les protecteurs de nos terres et de nos eaux. Cette éthique de protection est le fondement [&hellip;]</p>

<!-- This site is optimized with the Yoast SEO Premium plugin v26.0 (Yoast SEO v26.0) - https://yoast.com/wordpress/plugins/seo/ -->
<title>L’avenir est prometteur : conservation, protection et prospérité partagée assurées par les Autochtones - Cannexus27</title>
<meta name="robots" content="index, follow, max-snippet:-1, max-image-preview:large, max-video-preview:-1" />
<link rel="canonical" href="https://cannexus.ceric.ca/fr/lavenir-est-prometteur-conservation-protection-et-prosperite-partagee-assurees-par-les-autochtones/" />
<meta property="og:locale" content="fr_FR" />
<meta property="og:type" content="article" />
<meta property="og:title" content="L’avenir est prometteur : conservation, protection et prospérité partagée assurées par les Autochtones" />
<meta property="og:description" content="L’avenir est prometteur : conservation, protection et prospérité partagée assurées par les Autochtones Conférencière d&#8217;honneur : L’honorable Ethel Blondin-Andrew Mercredi 3 février 2021, 14 h 15 &#8211; 15 h HE ​ Les peuples autochtones du Canada sont depuis longtemps les protecteurs de nos terres et de nos eaux. Cette éthique de protection est le fondement [&hellip;]" />
<meta property="og:url" content="https://cannexus.ceric.ca/fr/lavenir-est-prometteur-conservation-protection-et-prosperite-partagee-assurees-par-les-autochtones/" />
<meta property="og:site_name" content="Cannexus27" />
<meta property="article:modified_time" content="2021-02-02T22:41:19+00:00" />
<meta property="og:image" content="https://cannexus.ceric.ca/wp-content/uploads/2024/04/CX25-v1-5.png" />
	<meta property="og:image:width" content="1200" />
	<meta property="og:image:height" content="300" />
	<meta property="og:image:type" content="image/png" />
<meta name="twitter:card" content="summary_large_image" />
<meta name="twitter:label1" content="Durée de lecture estimée" />
	<meta name="twitter:data1" content="1 minute" />
<script type="application/ld+json" class="yoast-schema-graph">{"@context":"https://schema.org","@graph":[{"@type":"WebPage","@id":"https://cannexus.ceric.ca/fr/lavenir-est-prometteur-conservation-protection-et-prosperite-partagee-assurees-par-les-autochtones/","url":"https://cannexus.ceric.ca/fr/lavenir-est-prometteur-conservation-protection-et-prosperite-partagee-assurees-par-les-autochtones/","name":"L’avenir est prometteur : conservation, protection et prospérité partagée assurées par les Autochtones - Cannexus27","isPartOf":{"@id":"https://cannexus.ceric.ca/fr/#website"},"datePublished":"2020-12-07T00:21:45+00:00","dateModified":"2021-02-02T22:41:19+00:00","breadcrumb":{"@id":"https://cannexus.ceric.ca/fr/lavenir-est-prometteur-conservation-protection-et-prosperite-partagee-assurees-par-les-autochtones/#breadcrumb"},"inLanguage":"fr-FR","potentialAction":[{"@type":"ReadAction","target":["https://cannexus.ceric.ca/fr/lavenir-est-prometteur-conservation-protection-et-prosperite-partagee-assurees-par-les-autochtones/"]}]},{"@type":"BreadcrumbList","@id":"https://cannexus.ceric.ca/fr/lavenir-est-prometteur-conservation-protection-et-prosperite-partagee-assurees-par-les-autochtones/#breadcrumb","itemListElement":[{"@type":"ListItem","position":1,"name":"Home","item":"https://cannexus.ceric.ca/fr/"},{"@type":"ListItem","position":2,"name":"L’avenir est prometteur : conservation, protection et prospérité partagée assurées par les Autochtones"}]},{"@type":"WebSite","@id":"https://cannexus.ceric.ca/fr/#website","url":"https://cannexus.ceric.ca/fr/","name":"Cannexus26: Canada’s Career Development Conference","description":"Canada’s Career Development Conference","publisher":{"@id":"https://cannexus.ceric.ca/fr/#organization"},"alternateName":"Cannexus26","potentialAction":[{"@type":"SearchAction","target":{"@type":"EntryPoint","urlTemplate":"https://cannexus.ceric.ca/fr/?s={search_term_string}"},"query-input":{"@type":"PropertyValueSpecification","valueRequired":true,"valueName":"search_term_string"}}],"inLanguage":"fr-FR"},{"@type":"Organization","@id":"https://cannexus.ceric.ca/fr/#organization","name":"Cannexus26","url":"https://cannexus.ceric.ca/fr/","logo":{"@type":"ImageObject","inLanguage":"fr-FR","@id":"https://cannexus.ceric.ca/fr/#/schema/logo/image/","url":"https://cannexus.ceric.ca/wp-content/uploads/2025/04/CX-seal.png","contentUrl":"https://cannexus.ceric.ca/wp-content/uploads/2025/04/CX-seal.png","width":2000,"height":1574,"caption":"Cannexus26"},"image":{"@id":"https://cannexus.ceric.ca/fr/#/schema/logo/image/"}}]}</script>
<!-- / Yoast SEO Premium plugin. -->

L’avenir est prometteur : conservation, protection et prospérité partagée assurées par les Autochtones - Cannexus27

L’avenir est prometteur : conservation, protection et prospérité partagée assurées par les Autochtones Conférencière d&#8217;honneur : L’honorable Ethel Blondin-Andrew Mercredi 3 février 2021, 14 h 15 &#8211; 15 h HE ​ Les peuples autochtones du Canada sont depuis longtemps les protecteurs de nos terres et de nos eaux. Cette éthique de protection est le fondement [&hellip;]
