{"id":4756,"date":"2020-11-18T10:50:20","date_gmt":"2020-11-18T15:50:20","guid":{"rendered":"https:\/\/cannexus.ceric.ca\/?page_id=4756"},"modified":"2020-11-19T12:17:47","modified_gmt":"2020-11-19T17:17:47","slug":"travailler-et-vivre-avec-les-emotions-dans-le-domaine-des-services-de-soutien-professionnel","status":"publish","type":"page","link":"https:\/\/cannexus.ceric.ca\/fr\/travailler-et-vivre-avec-les-emotions-dans-le-domaine-des-services-de-soutien-professionnel\/","title":{"rendered":"Travailler \u2013 et vivre \u2013 avec les \u00e9motions dans le domaine des services de soutien professionnel"},"content":{"rendered":"\t\t<div data-elementor-type=\"wp-page\" data-elementor-id=\"4756\" class=\"elementor elementor-4756 elementor-4668\" data-elementor-post-type=\"page\">\n\t\t\t\t\t\t<section class=\"elementor-section elementor-top-section elementor-element elementor-element-60f224f elementor-section-boxed elementor-section-height-default elementor-section-height-default\" data-id=\"60f224f\" data-element_type=\"section\" data-e-type=\"section\">\n\t\t\t\t\t\t<div class=\"elementor-container elementor-column-gap-default\">\n\t\t\t\t\t<div class=\"elementor-column elementor-col-100 elementor-top-column elementor-element elementor-element-493a3b8\" data-id=\"493a3b8\" data-element_type=\"column\" data-e-type=\"column\">\n\t\t\t<div class=\"elementor-widget-wrap elementor-element-populated\">\n\t\t\t\t\t\t<div class=\"elementor-element elementor-element-0b330c4 elementor-invisible elementor-widget elementor-widget-exhibz-title\" data-id=\"0b330c4\" data-element_type=\"widget\" data-e-type=\"widget\" data-settings=\"{&quot;_animation&quot;:&quot;fadeInUp&quot;,&quot;_animation_delay&quot;:350,&quot;ekit_we_effect_on&quot;:&quot;none&quot;}\" data-widget_type=\"exhibz-title.default\">\n\t\t\t\t<div class=\"elementor-widget-container\">\n\t\t\t\t\t\n    <div class=\"title-section-area\">\n        <h2 class=\"section-title\">\n            <span class=\"sub-title\">Travailler \u2013 et vivre \u2013 avec les \u00e9motions dans le domaine des services de soutien professionnel<\/span>\n\t\t\tConf\u00e9rencier  d'honneur : Kris Magnusson <br>\nMercredi 27 janvier 2021, 14 h 30 - 15 h 15 HE         <\/h2>\n\t\t\t\t\t<div class=\"title-desc\"><p>On s\u2019imagine souvent que les services d\u2019orientation et de soutien professionnels sont principalement li\u00e9s \u00e0 des processus cognitifs qui mettent l\u2019accent sur l\u2019auto-\u00e9valuation, l\u2019information sur les professions et la prise de d\u00e9cisions. Cette fa\u00e7on traditionnelle de voir les choses pr\u00e9domine souvent dans l\u2019id\u00e9e que se font les bailleurs de fonds de la prestation des services d\u2019orientation professionnelle. Quant \u00e0 ceux qui fournissent de tels services, ils reconnaissent le puissant r\u00f4le des \u00e9motions pour aider les clients \u00e0 s\u2019y retrouver dans les processus d\u2019orientation professionnelle. Pour bien travailler \u2013 et vivre \u2013 avec les \u00e9motions dans le domaine des services de soutien professionnel, il faut commencer par comprendre le r\u00f4le que jouent les processus de perception dans les exp\u00e9riences cognitives (p. ex. conception et croyances \u00e0 l\u2019\u00e9gard des processus d\u2019orientation professionnelle) et affectives (facteurs situationnels et \u00e9motifs persistants) des clients. Dans cette pr\u00e9sentation fort int\u00e9ressante, Kris explorera l\u2019interaction dynamique entre les sentiments, la pens\u00e9e et l\u2019action, ainsi que la fa\u00e7on dont ces diff\u00e9rents \u00e9l\u00e9ments sont exprim\u00e9s par les clients. Il parlera \u00e9galement de la fa\u00e7on dont les intervenants en d\u00e9veloppement de carri\u00e8re peuvent utiliser intentionnellement ces \u00e9l\u00e9ments pour aider les clients \u00e0 obtenir de meilleurs r\u00e9sultats.<\/p><\/div>\n\t\t                    <\/div><!-- Section title -->\n    \n    \n\n    \t\t\t\t<\/div>\n\t\t\t\t<\/div>\n\t\t\t\t\t<\/div>\n\t\t<\/div>\n\t\t\t\t\t<\/div>\n\t\t<\/section>\n\t\t\t\t<\/div>\n\t\t","protected":false},"excerpt":{"rendered":"<p>Travailler \u2013 et vivre \u2013 avec les \u00e9motions dans le domaine des services de soutien professionnel Conf\u00e9rencier d&#8217;honneur : Kris Magnusson Mercredi 27 janvier 2021, 14 h 30 &#8211; 15 h 15 HE On s\u2019imagine souvent que les services d\u2019orientation et de soutien professionnels sont principalement li\u00e9s \u00e0 des processus cognitifs qui mettent l\u2019accent sur [&hellip;]<\/p>\n","protected":false},"author":9,"featured_media":0,"parent":0,"menu_order":0,"comment_status":"closed","ping_status":"closed","template":"template\/full-width-template.php","meta":{"wp_social_preview_title":"","wp_social_preview_description":"","wp_social_preview_image":0,"footnotes":""},"class_list":["post-4756","page","type-page","status-publish","hentry"],"yoast_head":"<!-- This site is optimized with the Yoast SEO Premium plugin v26.0 (Yoast SEO v26.0) - https:\/\/yoast.com\/wordpress\/plugins\/seo\/ -->\n<title>Travailler \u2013 et vivre \u2013 avec les \u00e9motions dans le domaine des services de soutien professionnel - Cannexus27<\/title>\n<meta name=\"robots\" content=\"index, follow, max-snippet:-1, max-image-preview:large, max-video-preview:-1\" \/>\n<link rel=\"canonical\" href=\"https:\/\/cannexus.ceric.ca\/fr\/travailler-et-vivre-avec-les-emotions-dans-le-domaine-des-services-de-soutien-professionnel\/\" \/>\n<meta property=\"og:locale\" content=\"fr_FR\" \/>\n<meta property=\"og:type\" content=\"article\" \/>\n<meta property=\"og:title\" content=\"Travailler \u2013 et vivre \u2013 avec les \u00e9motions dans le domaine des services de soutien professionnel\" \/>\n<meta property=\"og:description\" content=\"Travailler \u2013 et vivre \u2013 avec les \u00e9motions dans le domaine des services de soutien professionnel Conf\u00e9rencier d&#8217;honneur : Kris Magnusson Mercredi 27 janvier 2021, 14 h 30 &#8211; 15 h 15 HE On s\u2019imagine souvent que les services d\u2019orientation et de soutien professionnels sont principalement li\u00e9s \u00e0 des processus cognitifs qui mettent l\u2019accent sur [&hellip;]\" \/>\n<meta property=\"og:url\" content=\"https:\/\/cannexus.ceric.ca\/fr\/travailler-et-vivre-avec-les-emotions-dans-le-domaine-des-services-de-soutien-professionnel\/\" \/>\n<meta property=\"og:site_name\" content=\"Cannexus27\" \/>\n<meta property=\"article:modified_time\" content=\"2020-11-19T17:17:47+00:00\" \/>\n<meta property=\"og:image\" content=\"https:\/\/cannexus.ceric.ca\/wp-content\/uploads\/2024\/04\/CX25-v1-5.png\" \/>\n\t<meta property=\"og:image:width\" content=\"1200\" \/>\n\t<meta property=\"og:image:height\" content=\"300\" \/>\n\t<meta property=\"og:image:type\" content=\"image\/png\" \/>\n<meta name=\"twitter:card\" content=\"summary_large_image\" \/>\n<meta name=\"twitter:label1\" content=\"Dur\u00e9e de lecture estim\u00e9e\" \/>\n\t<meta name=\"twitter:data1\" content=\"1 minute\" \/>\n<script type=\"application\/ld+json\" class=\"yoast-schema-graph\">{\"@context\":\"https:\/\/schema.org\",\"@graph\":[{\"@type\":\"WebPage\",\"@id\":\"https:\/\/cannexus.ceric.ca\/fr\/travailler-et-vivre-avec-les-emotions-dans-le-domaine-des-services-de-soutien-professionnel\/\",\"url\":\"https:\/\/cannexus.ceric.ca\/fr\/travailler-et-vivre-avec-les-emotions-dans-le-domaine-des-services-de-soutien-professionnel\/\",\"name\":\"Travailler \u2013 et vivre \u2013 avec les \u00e9motions dans le domaine des services de soutien professionnel - Cannexus27\",\"isPartOf\":{\"@id\":\"https:\/\/cannexus.ceric.ca\/fr\/#website\"},\"datePublished\":\"2020-11-18T15:50:20+00:00\",\"dateModified\":\"2020-11-19T17:17:47+00:00\",\"breadcrumb\":{\"@id\":\"https:\/\/cannexus.ceric.ca\/fr\/travailler-et-vivre-avec-les-emotions-dans-le-domaine-des-services-de-soutien-professionnel\/#breadcrumb\"},\"inLanguage\":\"fr-FR\",\"potentialAction\":[{\"@type\":\"ReadAction\",\"target\":[\"https:\/\/cannexus.ceric.ca\/fr\/travailler-et-vivre-avec-les-emotions-dans-le-domaine-des-services-de-soutien-professionnel\/\"]}]},{\"@type\":\"BreadcrumbList\",\"@id\":\"https:\/\/cannexus.ceric.ca\/fr\/travailler-et-vivre-avec-les-emotions-dans-le-domaine-des-services-de-soutien-professionnel\/#breadcrumb\",\"itemListElement\":[{\"@type\":\"ListItem\",\"position\":1,\"name\":\"Home\",\"item\":\"https:\/\/cannexus.ceric.ca\/fr\/\"},{\"@type\":\"ListItem\",\"position\":2,\"name\":\"Travailler \u2013 et vivre \u2013 avec les \u00e9motions dans le domaine des services de soutien professionnel\"}]},{\"@type\":\"WebSite\",\"@id\":\"https:\/\/cannexus.ceric.ca\/fr\/#website\",\"url\":\"https:\/\/cannexus.ceric.ca\/fr\/\",\"name\":\"Cannexus26: Canada\u2019s Career Development Conference\",\"description\":\"Canada\u2019s Career Development Conference\",\"publisher\":{\"@id\":\"https:\/\/cannexus.ceric.ca\/fr\/#organization\"},\"alternateName\":\"Cannexus26\",\"potentialAction\":[{\"@type\":\"SearchAction\",\"target\":{\"@type\":\"EntryPoint\",\"urlTemplate\":\"https:\/\/cannexus.ceric.ca\/fr\/?s={search_term_string}\"},\"query-input\":{\"@type\":\"PropertyValueSpecification\",\"valueRequired\":true,\"valueName\":\"search_term_string\"}}],\"inLanguage\":\"fr-FR\"},{\"@type\":\"Organization\",\"@id\":\"https:\/\/cannexus.ceric.ca\/fr\/#organization\",\"name\":\"Cannexus26\",\"url\":\"https:\/\/cannexus.ceric.ca\/fr\/\",\"logo\":{\"@type\":\"ImageObject\",\"inLanguage\":\"fr-FR\",\"@id\":\"https:\/\/cannexus.ceric.ca\/fr\/#\/schema\/logo\/image\/\",\"url\":\"https:\/\/cannexus.ceric.ca\/wp-content\/uploads\/2025\/04\/CX-seal.png\",\"contentUrl\":\"https:\/\/cannexus.ceric.ca\/wp-content\/uploads\/2025\/04\/CX-seal.png\",\"width\":2000,\"height\":1574,\"caption\":\"Cannexus26\"},\"image\":{\"@id\":\"https:\/\/cannexus.ceric.ca\/fr\/#\/schema\/logo\/image\/\"}}]}<\/script>\n<!-- \/ Yoast SEO Premium plugin. -->","yoast_head_json":{"title":"Travailler \u2013 et vivre \u2013 avec les \u00e9motions dans le domaine des services de soutien professionnel - Cannexus27","robots":{"index":"index","follow":"follow","max-snippet":"max-snippet:-1","max-image-preview":"max-image-preview:large","max-video-preview":"max-video-preview:-1"},"canonical":"https:\/\/cannexus.ceric.ca\/fr\/travailler-et-vivre-avec-les-emotions-dans-le-domaine-des-services-de-soutien-professionnel\/","og_locale":"fr_FR","og_type":"article","og_title":"Travailler \u2013 et vivre \u2013 avec les \u00e9motions dans le domaine des services de soutien professionnel","og_description":"Travailler \u2013 et vivre \u2013 avec les \u00e9motions dans le domaine des services de soutien professionnel Conf\u00e9rencier d&#8217;honneur : Kris Magnusson Mercredi 27 janvier 2021, 14 h 30 &#8211; 15 h 15 HE On s\u2019imagine souvent que les services d\u2019orientation et de soutien professionnels sont principalement li\u00e9s \u00e0 des processus cognitifs qui mettent l\u2019accent sur [&hellip;]","og_url":"https:\/\/cannexus.ceric.ca\/fr\/travailler-et-vivre-avec-les-emotions-dans-le-domaine-des-services-de-soutien-professionnel\/","og_site_name":"Cannexus27","article_modified_time":"2020-11-19T17:17:47+00:00","og_image":[{"width":1200,"height":300,"url":"https:\/\/cannexus.ceric.ca\/wp-content\/uploads\/2024\/04\/CX25-v1-5.png","type":"image\/png"}],"twitter_card":"summary_large_image","twitter_misc":{"Dur\u00e9e de lecture estim\u00e9e":"1 minute"},"schema":{"@context":"https:\/\/schema.org","@graph":[{"@type":"WebPage","@id":"https:\/\/cannexus.ceric.ca\/fr\/travailler-et-vivre-avec-les-emotions-dans-le-domaine-des-services-de-soutien-professionnel\/","url":"https:\/\/cannexus.ceric.ca\/fr\/travailler-et-vivre-avec-les-emotions-dans-le-domaine-des-services-de-soutien-professionnel\/","name":"Travailler \u2013 et vivre \u2013 avec les \u00e9motions dans le domaine des services de soutien professionnel - Cannexus27","isPartOf":{"@id":"https:\/\/cannexus.ceric.ca\/fr\/#website"},"datePublished":"2020-11-18T15:50:20+00:00","dateModified":"2020-11-19T17:17:47+00:00","breadcrumb":{"@id":"https:\/\/cannexus.ceric.ca\/fr\/travailler-et-vivre-avec-les-emotions-dans-le-domaine-des-services-de-soutien-professionnel\/#breadcrumb"},"inLanguage":"fr-FR","potentialAction":[{"@type":"ReadAction","target":["https:\/\/cannexus.ceric.ca\/fr\/travailler-et-vivre-avec-les-emotions-dans-le-domaine-des-services-de-soutien-professionnel\/"]}]},{"@type":"BreadcrumbList","@id":"https:\/\/cannexus.ceric.ca\/fr\/travailler-et-vivre-avec-les-emotions-dans-le-domaine-des-services-de-soutien-professionnel\/#breadcrumb","itemListElement":[{"@type":"ListItem","position":1,"name":"Home","item":"https:\/\/cannexus.ceric.ca\/fr\/"},{"@type":"ListItem","position":2,"name":"Travailler \u2013 et vivre \u2013 avec les \u00e9motions dans le domaine des services de soutien professionnel"}]},{"@type":"WebSite","@id":"https:\/\/cannexus.ceric.ca\/fr\/#website","url":"https:\/\/cannexus.ceric.ca\/fr\/","name":"Cannexus26: Canada\u2019s Career Development Conference","description":"Canada\u2019s Career Development Conference","publisher":{"@id":"https:\/\/cannexus.ceric.ca\/fr\/#organization"},"alternateName":"Cannexus26","potentialAction":[{"@type":"SearchAction","target":{"@type":"EntryPoint","urlTemplate":"https:\/\/cannexus.ceric.ca\/fr\/?s={search_term_string}"},"query-input":{"@type":"PropertyValueSpecification","valueRequired":true,"valueName":"search_term_string"}}],"inLanguage":"fr-FR"},{"@type":"Organization","@id":"https:\/\/cannexus.ceric.ca\/fr\/#organization","name":"Cannexus26","url":"https:\/\/cannexus.ceric.ca\/fr\/","logo":{"@type":"ImageObject","inLanguage":"fr-FR","@id":"https:\/\/cannexus.ceric.ca\/fr\/#\/schema\/logo\/image\/","url":"https:\/\/cannexus.ceric.ca\/wp-content\/uploads\/2025\/04\/CX-seal.png","contentUrl":"https:\/\/cannexus.ceric.ca\/wp-content\/uploads\/2025\/04\/CX-seal.png","width":2000,"height":1574,"caption":"Cannexus26"},"image":{"@id":"https:\/\/cannexus.ceric.ca\/fr\/#\/schema\/logo\/image\/"}}]}},"_links":{"self":[{"href":"https:\/\/cannexus.ceric.ca\/fr\/wp-json\/wp\/v2\/pages\/4756","targetHints":{"allow":["GET"]}}],"collection":[{"href":"https:\/\/cannexus.ceric.ca\/fr\/wp-json\/wp\/v2\/pages"}],"about":[{"href":"https:\/\/cannexus.ceric.ca\/fr\/wp-json\/wp\/v2\/types\/page"}],"author":[{"embeddable":true,"href":"https:\/\/cannexus.ceric.ca\/fr\/wp-json\/wp\/v2\/users\/9"}],"replies":[{"embeddable":true,"href":"https:\/\/cannexus.ceric.ca\/fr\/wp-json\/wp\/v2\/comments?post=4756"}],"version-history":[{"count":0,"href":"https:\/\/cannexus.ceric.ca\/fr\/wp-json\/wp\/v2\/pages\/4756\/revisions"}],"wp:attachment":[{"href":"https:\/\/cannexus.ceric.ca\/fr\/wp-json\/wp\/v2\/media?parent=4756"}],"curies":[{"name":"wp","href":"https:\/\/api.w.org\/{rel}","templated":true}]}}

Travailler – et vivre – avec les émotions dans le domaine des services de soutien professionnel

<div data-elementor-type="wp-page" data-elementor-id="4756" class="elementor elementor-4756 elementor-4668" data-elementor-post-type="page">
						<section class="elementor-section elementor-top-section elementor-element elementor-element-60f224f elementor-section-boxed elementor-section-height-default elementor-section-height-default" data-id="60f224f" data-element_type="section" data-e-type="section">
						<div class="elementor-container elementor-column-gap-default">
					<div class="elementor-column elementor-col-100 elementor-top-column elementor-element elementor-element-493a3b8" data-id="493a3b8" data-element_type="column" data-e-type="column">
			<div class="elementor-widget-wrap elementor-element-populated">
						<div class="elementor-element elementor-element-0b330c4 elementor-invisible elementor-widget elementor-widget-exhibz-title" data-id="0b330c4" data-element_type="widget" data-e-type="widget" data-settings="{&quot;_animation&quot;:&quot;fadeInUp&quot;,&quot;_animation_delay&quot;:350,&quot;ekit_we_effect_on&quot;:&quot;none&quot;}" data-widget_type="exhibz-title.default">
				<div class="elementor-widget-container">
					
    <div class="title-section-area">
        <h2 class="section-title">
            <span class="sub-title">Travailler – et vivre – avec les émotions dans le domaine des services de soutien professionnel</span>
			Conférencier  d'honneur : Kris Magnusson <br>
Mercredi 27 janvier 2021, 14 h 30 - 15 h 15 HE         </h2>
					<div class="title-desc"><p>On s’imagine souvent que les services d’orientation et de soutien professionnels sont principalement liés à des processus cognitifs qui mettent l’accent sur l’auto-évaluation, l’information sur les professions et la prise de décisions. Cette façon traditionnelle de voir les choses prédomine souvent dans l’idée que se font les bailleurs de fonds de la prestation des services d’orientation professionnelle. Quant à ceux qui fournissent de tels services, ils reconnaissent le puissant rôle des émotions pour aider les clients à s’y retrouver dans les processus d’orientation professionnelle. Pour bien travailler – et vivre – avec les émotions dans le domaine des services de soutien professionnel, il faut commencer par comprendre le rôle que jouent les processus de perception dans les expériences cognitives (p. ex. conception et croyances à l’égard des processus d’orientation professionnelle) et affectives (facteurs situationnels et émotifs persistants) des clients. Dans cette présentation fort intéressante, Kris explorera l’interaction dynamique entre les sentiments, la pensée et l’action, ainsi que la façon dont ces différents éléments sont exprimés par les clients. Il parlera également de la façon dont les intervenants en développement de carrière peuvent utiliser intentionnellement ces éléments pour aider les clients à obtenir de meilleurs résultats.</p></div>
		                    </div><!-- Section title -->
    
    

    				</div>
				</div>
					</div>
		</div>
					</div>
		</section>
				</div>

<p>Travailler – et vivre – avec les émotions dans le domaine des services de soutien professionnel Conférencier d&#8217;honneur : Kris Magnusson Mercredi 27 janvier 2021, 14 h 30 &#8211; 15 h 15 HE On s’imagine souvent que les services d’orientation et de soutien professionnels sont principalement liés à des processus cognitifs qui mettent l’accent sur [&hellip;]</p>

<!-- This site is optimized with the Yoast SEO Premium plugin v26.0 (Yoast SEO v26.0) - https://yoast.com/wordpress/plugins/seo/ -->
<title>Travailler – et vivre – avec les émotions dans le domaine des services de soutien professionnel - Cannexus27</title>
<meta name="robots" content="index, follow, max-snippet:-1, max-image-preview:large, max-video-preview:-1" />
<link rel="canonical" href="https://cannexus.ceric.ca/fr/travailler-et-vivre-avec-les-emotions-dans-le-domaine-des-services-de-soutien-professionnel/" />
<meta property="og:locale" content="fr_FR" />
<meta property="og:type" content="article" />
<meta property="og:title" content="Travailler – et vivre – avec les émotions dans le domaine des services de soutien professionnel" />
<meta property="og:description" content="Travailler – et vivre – avec les émotions dans le domaine des services de soutien professionnel Conférencier d&#8217;honneur : Kris Magnusson Mercredi 27 janvier 2021, 14 h 30 &#8211; 15 h 15 HE On s’imagine souvent que les services d’orientation et de soutien professionnels sont principalement liés à des processus cognitifs qui mettent l’accent sur [&hellip;]" />
<meta property="og:url" content="https://cannexus.ceric.ca/fr/travailler-et-vivre-avec-les-emotions-dans-le-domaine-des-services-de-soutien-professionnel/" />
<meta property="og:site_name" content="Cannexus27" />
<meta property="article:modified_time" content="2020-11-19T17:17:47+00:00" />
<meta property="og:image" content="https://cannexus.ceric.ca/wp-content/uploads/2024/04/CX25-v1-5.png" />
	<meta property="og:image:width" content="1200" />
	<meta property="og:image:height" content="300" />
	<meta property="og:image:type" content="image/png" />
<meta name="twitter:card" content="summary_large_image" />
<meta name="twitter:label1" content="Durée de lecture estimée" />
	<meta name="twitter:data1" content="1 minute" />
<script type="application/ld+json" class="yoast-schema-graph">{"@context":"https://schema.org","@graph":[{"@type":"WebPage","@id":"https://cannexus.ceric.ca/fr/travailler-et-vivre-avec-les-emotions-dans-le-domaine-des-services-de-soutien-professionnel/","url":"https://cannexus.ceric.ca/fr/travailler-et-vivre-avec-les-emotions-dans-le-domaine-des-services-de-soutien-professionnel/","name":"Travailler – et vivre – avec les émotions dans le domaine des services de soutien professionnel - Cannexus27","isPartOf":{"@id":"https://cannexus.ceric.ca/fr/#website"},"datePublished":"2020-11-18T15:50:20+00:00","dateModified":"2020-11-19T17:17:47+00:00","breadcrumb":{"@id":"https://cannexus.ceric.ca/fr/travailler-et-vivre-avec-les-emotions-dans-le-domaine-des-services-de-soutien-professionnel/#breadcrumb"},"inLanguage":"fr-FR","potentialAction":[{"@type":"ReadAction","target":["https://cannexus.ceric.ca/fr/travailler-et-vivre-avec-les-emotions-dans-le-domaine-des-services-de-soutien-professionnel/"]}]},{"@type":"BreadcrumbList","@id":"https://cannexus.ceric.ca/fr/travailler-et-vivre-avec-les-emotions-dans-le-domaine-des-services-de-soutien-professionnel/#breadcrumb","itemListElement":[{"@type":"ListItem","position":1,"name":"Home","item":"https://cannexus.ceric.ca/fr/"},{"@type":"ListItem","position":2,"name":"Travailler – et vivre – avec les émotions dans le domaine des services de soutien professionnel"}]},{"@type":"WebSite","@id":"https://cannexus.ceric.ca/fr/#website","url":"https://cannexus.ceric.ca/fr/","name":"Cannexus26: Canada’s Career Development Conference","description":"Canada’s Career Development Conference","publisher":{"@id":"https://cannexus.ceric.ca/fr/#organization"},"alternateName":"Cannexus26","potentialAction":[{"@type":"SearchAction","target":{"@type":"EntryPoint","urlTemplate":"https://cannexus.ceric.ca/fr/?s={search_term_string}"},"query-input":{"@type":"PropertyValueSpecification","valueRequired":true,"valueName":"search_term_string"}}],"inLanguage":"fr-FR"},{"@type":"Organization","@id":"https://cannexus.ceric.ca/fr/#organization","name":"Cannexus26","url":"https://cannexus.ceric.ca/fr/","logo":{"@type":"ImageObject","inLanguage":"fr-FR","@id":"https://cannexus.ceric.ca/fr/#/schema/logo/image/","url":"https://cannexus.ceric.ca/wp-content/uploads/2025/04/CX-seal.png","contentUrl":"https://cannexus.ceric.ca/wp-content/uploads/2025/04/CX-seal.png","width":2000,"height":1574,"caption":"Cannexus26"},"image":{"@id":"https://cannexus.ceric.ca/fr/#/schema/logo/image/"}}]}</script>
<!-- / Yoast SEO Premium plugin. -->

Travailler – et vivre – avec les émotions dans le domaine des services de soutien professionnel - Cannexus27

Travailler – et vivre – avec les émotions dans le domaine des services de soutien professionnel Conférencier d&#8217;honneur : Kris Magnusson Mercredi 27 janvier 2021, 14 h 30 &#8211; 15 h 15 HE On s’imagine souvent que les services d’orientation et de soutien professionnels sont principalement liés à des processus cognitifs qui mettent l’accent sur [&hellip;]
